r?
False
Is 181477 a prime number?
False
Is 11027 prime?
True
Is 471841 composite?
False
Is 215079 prime?
False
Is 77681 composite?
False
Is 63269 a composite number?
True
Is 4969 composite?
False
Is 26641 a prime number?
True
Is 9239 a prime number?
True
Is 1044787 a prime number?
False
Is 664967 prime?
True
Is 172001 a composite number?
False
Is 465407 composite?
False
Is 52285 a prime number?
False
Is 32537 composite?
False
Is 1839531 prime?
False
Is 3308777 a composite number?
False
Is 12001 prime?
False
Is 30337 a composite number?
True
Is 631 prime?
True
Is 524357 a prime number?
False
Is 52813 a prime number?
True
Is 20897 a prime number?
True
Is 3959 prime?
False
Is 8301 a composite number?
True
Is 11287 a composite number?
False
Is 1637215 a prime number?
False
Is 5297 prime?
True
Is 105917 composite?
True
Is 95507 a prime number?
True
Is 677891 composite?
False
Is 837959 composite?
True
Is 39749 a composite number?
False
Is 22843 a composite number?
True
Is 66127 composite?
True
Is 56701 a prime number?
True
Is 75233 composite?
True
Is 195317 composite?
True
Is 4855 composite?
True
Is 205531 composite?
True
Is 68533 composite?
True
Is 176181 a composite number?
True
Is 68597 composite?
False
Is 157991 prime?
True
Is 2609 prime?
True
Is 22285 a prime number?
False
Is 827719 composite?
False
Is 369407 prime?
True
Is 333087 prime?
False
Is 2491018 a prime number?
False
Is 77821 composite?
True
Is 2317 composite?
True
Is 22789 a prime number?
False
Is 8153 composite?
True
Is 64211 composite?
True
Is 17693 prime?
False
Is 31279 composite?
True
Is 55921 composite?
False
Is 3691 prime?
True
Is 11263 prime?
False
Is 14447 a prime number?
True
Is 74353 prime?
True
Is 2459 a composite number?
False
Is 332069 prime?
True
Is 215573 prime?
True
Is 86809 a composite number?
True
Is 20593 a prime number?
True
Is 99919 composite?
True
Is 627199 composite?
True
Is 456637 a prime number?
False
Is 3693707 a prime number?
True
Is 259253 composite?
True
Is 18527 composite?
True
Is 34781 composite?
False
Is 5531 composite?
False
Is 1159139 composite?
False
Is 68995 a prime number?
False
Is 775321 a composite number?
True
Is 3967 a composite number?
False
Is 52157 prime?
False
Is 34721 a composite number?
False
Is 143 a composite number?
True
Is 44911 composite?
True
Is 707422 composite?
True
Is 1837531 a prime number?
False
Is 685831 composite?
True
Is 5807 composite?
False
Is 506359 a prime number?
False
Is 21439 a composite number?
True
Is 2237 a composite number?
False
Is 29993 prime?
False
Is 1039199 a composite number?
True
Is 39787 a prime number?
False
Is 11887 a composite number?
False
Is 820421 prime?
False
Is 843397 composite?
False
Is 467651 a composite number?
False
Is 83573 a composite number?
True
Is 174973 a composite number?
True
Is 5381 composite?
False
Is 168442 a prime number?
False
Is 472123 a prime number?
True
Is 31621 prime?
False
Is 12197 a composite number?
False
Is 1704653 a prime number?
False
Is 20047 a prime number?
True
Is 216343 prime?
False
Is 256961 prime?
False
Is 214703 a composite number?
True
Is 379 composite?
False
Is 613999 prime?
True
Is 66713 composite?
False
Is 378191 prime?
False
Is 52553 prime?
True
Is 83023 a prime number?
True
Is 10243 composite?
False
Is 437 a prime number?
False
Is 77629 composite?
True
Is 10487 composite?
False
Is 1553 a prime number?
True
Is 2993 composite?
True
Is 516757 a prime number?
True
Is 22433 a prime number?
True
Is 57521 a composite number?
True
Is 266201 composite?
True
Is 196357 a composite number?
True
Is 2393 a composite number?
False
Is 667 prime?
False
Is 18329 a composite number?
False
Is 6840359 a composite number?
False
Is 38113 prime?
True
Is 47759 composite?
True
Is 87931 a composite number?
False
Is 1041961 prime?
True
Is 190373 composite?
True
Is 127667 prime?
False
Is 1661311 composite?
False
Is 509417 prime?
True
Is 21361 composite?
True
Is 11283 prime?
False
Is 50983 composite?
True
Is 7817 prime?
True
Is 353747 a composite number?
False
Is 3694 composite?
True
Is 13499 composite?
False
Is 275813 prime?
True
Is 9257 composite?
False
Is 53939 a prime number?
True
Is 439063 prime?
True
Is 2551943 a composite number?
False
Is 232487 a composite number?
False
Is 1537 composite?
True
Is 2249 a composite number?
True
Is 2500993 a composite number?
True
Is 17369 prime?
False
Is 259853 a prime number?
False
Is 1043 a composite number?
True
Is 1777313 composite?
False
Is 15557 a prime number?
False
Is 18559 a composite number?
True
Is 1637 a composite number?
False
Is 3907 composite?
False
Is 10261 composite?
True
Is 12937 a composite number?
True
Is 118453 composite?
False
Is 67299 prime?
False
Is 293071 a composite number?
False
Is 370793 composite?
False
Is 216793 composite?
True
Is 89422 a composite number?
True
Is 264713 composite?
True
Is 115279 prime?
True
Is 2138543 a prime number?
False
Is 409 composite?
False
Is 39079 composite?
False
Is 37171 a prime number?
True
Is 37243 a prime number?
True
Is 10511 composite?
True
Is 33923 composite?
False
Is 6637 composite?
False
Is 25013 prime?
True
Is 983 a composite number?
False
Is 675781 a prime number?
True
Is 59 prime?
True
Is 14281 prime?
True
Is 420131 composite?
True
Is 23519 prime?
False
Is 355609 prime?
True
Is 289585 composite?
True
Is 499 a composite number?
False
Is 185567 prime?
True
Is 918131 prime?
True
Is 1807711 composite?
False
Is 8173 composite?
True
Is 171887 prime?
False
Is 455597 a composite number?
False
Is 463 a composite number?
False
Is 9173 a prime number?
True
Is 6731 prime?
False
Is 1405597 composite?
False
Is 145361 a composite number?
False
Is 40063 prime?
True
Is 2815 prime?
False
Is 80609 a composite number?
True
Is 9865 prime?
False
Is 483871 a composite number?
True
Is 19169 composite?
True
Is 4907 prime?
False
Is 21001 a composite number?
False
Is 557779 a composite number?
False
Is 674941 a prime number?
True
Is 385383 a composite number?
True
Is 77897 composite?
True
Is 114007 prime?
False
Is 380873 a composite number?
True
Is 236393 prime?
False
Is 1847 prime?
True
Is 10559 prime?
True
Is 213691 a prime number?
False
Is 52651 a prime number?
False
Is 4561 composite?
False
Is 1077 a composite number?
True
Is 1222469 a composite number?
True
Is 55201 prime?
True
Is 15661 a composite number?
False
Is 99449 a composite number?
True
Is 38339 a prime number?
False
Is 4269853 a prime number?
False
Is 330767 a prime number?
True
Is 222247 composite?
False
Is 1903 composite?
True
Is 93127 composite?
True
Is 3491 a composite number?
False
Is 3380707 composite?
True
Is 1495423 a prime number?
False
Is 13753 composite?
True
Is 468451 prime?
True
Is 277139 composite?
True
Is 385859 prime?
True
Is 1559 a composite number?
False
Is 3817 prime?
False
Is 91489 composite?
True
Is 3809 a composite number?
True
Is 19337 a composite number?
True
Is 412019 prime?
True
Is 2357 a prime number?
True
Is 1284991 a prime number?
True
Is 175061 a composite number?
False
Is 25195 composite?
True
Is 61121 a prime number?
True
Is 10771 prime?
True
Is 218074 prime?
False
Is 234653 composite?
False
Is 12569 prime?
True
Is 57881 prime?
True
Is 919 a prime number?
True
Is 114981 composite?
True
Is 12554 prime?
False
Is 2999 a composite number?
False
Is 1243093 prime?
True
Is 28961 composite?
False
Is 67451 a composite number?
True
Is 187751 a composite number?
False
Is 33911 prime?
True
Is 178939 composite?
False
Is 987163 composite?
True
Is 32687 prime?
True
Is 845431 prime?
True
Is 758929 composite?
False
Is 164383 composite?
True
Is 31835 composite?
True
Is 167149 a composite number?
False
Is 6733 composite?
False
Is 298 a composite number?
True
Is 205277 a prime number?
False
Is 74471 a composite number?
False
Is 70157 prime?
True
Is 18371 a composite number?
False
Is 27169 prime?
False
Is 168361 composite?
True
Is 104245 a composite number?
True
Is 567221 a composite number?
True
Is 7621 a composite number?
False
Is 60891 a prime number?
False
Is 115293 composite?
True
Is 541 a prime number?
True
Is 552983 composite?
False
Is 34663 composite?
True
Is 1307689 a prime number?
True
Is 6179 a composite number?
True
Is 1289117 a composite number?
True
Is 224491 prime?
True
Is 523123 composite?
True
Is 9193 a prime